ber?
True
Is 6131 a composite number?
False
Is 74669 prime?
False
Is 1501 composite?
True
Is 1590753 prime?
False
Is 8791 composite?
True
Is 6971 composite?
False
Is 426559 a composite number?
True
Is 164267 composite?
False
Is 47017 a prime number?
True
Is 71107 prime?
False
Is 82451 a composite number?
True
Is 29249 prime?
False
Is 384767 composite?
True
Is 107171 composite?
False
Is 62041 composite?
True
Is 613 composite?
False
Is 302827 prime?
False
Is 473 prime?
False
Is 254389 prime?
True
Is 243931 a composite number?
False
Is 223 prime?
True
Is 620051 composite?
False
Is 534783 a composite number?
True
Is 27527 a composite number?
False
Is 133681 composite?
True
Is 1139 composite?
True
Is 6671 prime?
False
Is 8663 a composite number?
False
Is 3035 prime?
False
Is 753193 prime?
False
Is 5077 prime?
True
Is 879455 a prime number?
False
Is 14809 a composite number?
True
Is 95701 prime?
True
Is 1254571 composite?
True
Is 106939 a prime number?
False
Is 5767 a composite number?
True
Is 2891851 composite?
True
Is 611081 composite?
False
Is 1665343 a composite number?
False
Is 40151 prime?
True
Is 424889 a composite number?
False
Is 3613 a prime number?
True
Is 2721 a composite number?
True
Is 1797679 a prime number?
False
Is 5471 composite?
False
Is 63131 composite?
False
Is 8285 prime?
False
Is 25871 a composite number?
True
Is 46073 composite?
False
Is 28937 a prime number?
False
Is 43661 composite?
False
Is 5599 a prime number?
False
Is 67618 a composite number?
True
Is 433891 composite?
True
Is 43711 prime?
True
Is 351779 a prime number?
True
Is 5998 a composite number?
True
Is 609673 prime?
True
Is 723029 a prime number?
True
Is 125863 prime?
True
Is 28195 prime?
False
Is 7427 prime?
False
Is 291221 a composite number?
True
Is 422787 composite?
True
Is 29689 composite?
True
Is 2333 composite?
False
Is 581 prime?
False
Is 826907 composite?
False
Is 27323 prime?
False
Is 707789 a prime number?
True
Is 3831 prime?
False
Is 95999 prime?
False
Is 20663 a prime number?
True
Is 127031 prime?
True
Is 251969 prime?
True
Is 5277 a prime number?
False
Is 122069 prime?
True
Is 680959 prime?
True
Is 154927 a prime number?
True
Is 583817 a prime number?
False
Is 149 prime?
True
Is 64797 a prime number?
False
Is 7831 a composite number?
True
Is 114883 a prime number?
True
Is 172709 composite?
False
Is 147073 a composite number?
False
Is 6247 composite?
False
Is 7613 composite?
True
Is 45283 composite?
True
Is 129203 prime?
False
Is 23459 a prime number?
True
Is 3269 prime?
False
Is 3943 a prime number?
True
Is 77761 a composite number?
False
Is 19207 prime?
True
Is 74143 a prime number?
True
Is 3085 a composite number?
True
Is 217307 composite?
False
Is 54709 a prime number?
True
Is 46589 prime?
True
Is 8761 a composite number?
False
Is 2600161 prime?
True
Is 90223 a composite number?
True
Is 59743 prime?
True
Is 91909 prime?
True
Is 22117 a composite number?
True
Is 154439 a composite number?
False
Is 89885 composite?
True
Is 6047 a composite number?
False
Is 276278 a prime number?
False
Is 17953 a composite number?
True
Is 409 a composite number?
False
Is 140717 a prime number?
True
Is 302023 composite?
True
Is 1167899 a composite number?
False
Is 152251 a composite number?
True
Is 1994567 prime?
True
Is 34621 a prime number?
False
Is 16869 prime?
False
Is 1709983 composite?
True
Is 230597 prime?
True
Is 522113 a prime number?
True
Is 16669 a composite number?
True
Is 8923 prime?
True
Is 370882 prime?
False
Is 4177 a prime number?
True
Is 106693 prime?
True
Is 1265411 a composite number?
True
Is 406115 a composite number?
True
Is 10589 a prime number?
True
Is 617917 prime?
True
Is 3683 a composite number?
True
Is 58757 a composite number?
False
Is 148717 composite?
True
Is 10523 prime?
False
Is 285179 composite?
False
Is 98963 composite?
False
Is 1058659 prime?
False
Is 19829 a prime number?
False
Is 62701 a prime number?
True
Is 5891 a composite number?
True
Is 378377 prime?
False
Is 451331 a composite number?
False
Is 16691 a prime number?
True
Is 1604837 composite?
True
Is 15877 a composite number?
False
Is 67321 prime?
False
Is 289223 a prime number?
False
Is 157769 prime?
True
Is 308497 prime?
False
Is 22045 a composite number?
True
Is 265469 prime?
False
Is 29527 composite?
False
Is 587497 a prime number?
True
Is 24359 a prime number?
True
Is 19489 a composite number?
False
Is 37951 a composite number?
False
Is 1883 composite?
True
Is 8983 prime?
False
Is 9091 a composite number?
False
Is 2487 composite?
True
Is 122693 a prime number?
True
Is 107419 prime?
False
Is 50057 a prime number?
False
Is 152765 prime?
False
Is 248639 prime?
True
Is 237493 a prime number?
False
Is 1264199 prime?
True
Is 3659 a composite number?
False
Is 12739 composite?
False
Is 43161 prime?
False
Is 19121 a prime number?
True
Is 457238 prime?
False
Is 2002903 a prime number?
False
Is 1470743 prime?
False
Is 13085 a composite number?
True
Is 56167 a composite number?
False
Is 28043 prime?
False
Is 377453 a prime number?
False
Is 677531 composite?
False
Is 1511 a prime number?
True
Is 42551 composite?
True
Is 1069 a prime number?
True
Is 501719 prime?
True
Is 37939 a prime number?
False
Is 836963 composite?
True
Is 356047 a composite number?
True
Is 26849 a composite number?
False
Is 8791 composite?
True
Is 28757 prime?
False
Is 99413 a composite number?
True
Is 473411 prime?
True
Is 139021 a prime number?
True
Is 70419 composite?
True
Is 18947 prime?
True
Is 74759 composite?
False
Is 445 prime?
False
Is 98849 composite?
False
Is 379 composite?
False
Is 93185 a prime number?
False
Is 5201 composite?
True
Is 33559 a prime number?
False
Is 761417 composite?
False
Is 4241 a composite number?
False
Is 18947 a prime number?
True
Is 31121 prime?
True
Is 394543 composite?
True
Is 39209 composite?
False
Is 18431 a prime number?
False
Is 1835 a prime number?
False
Is 248327 a prime number?
False
Is 286877 prime?
False
Is 22007 prime?
False
Is 407157 composite?
True
Is 4402045 composite?
True
Is 26833 prime?
True
Is 923 prime?
False
Is 180283 a composite number?
True
Is 273773 composite?
False
Is 20431 composite?
False
Is 721553 composite?
True
Is 13501 a composite number?
True
Is 13891 prime?
False
Is 3134 a prime number?
False
Is 383027 composite?
True
Is 11197 prime?
True
Is 674062 composite?
True
Is 84499 a composite number?
False
Is 1879 composite?
False
Is 8441 a prime number?
False
Is 573 prime?
False
Is 357089 composite?
True
Is 11855 prime?
False
Is 113621 a prime number?
True
Is 650389 a prime number?
False
Is 2700707 a composite number?
False
Is 383891 composite?
False
Is 348349 a prime number?
False
Is 3389 prime?
True
Is 64573 prime?
False
Is 10154 prime?
False
Is 6317 prime?
True
Is 177733 composite?
True
Is 31769 a composite number?
False
Is 66763 composite?
False
Is 18947 a prime number?
True
Is 29182 composite?
True
Is 1353283 prime?
False
Is 3721 a composite number?
True
Is 7318 a prime number?
False
Is 70403 prime?
False
Is 22739 prime?
True
Is 595337 prime?
False
Is 233777 prime?
True
Is 73727 a composite number?
False
Is 158731 a prime number?
True
Is 138053 composite?
False
Is 24571 a composite number?
False
Is 1703159 prime?
True
Is 105199 a composite number?
False
Is 19841 a prime number?
True
Is 965 a prime number?
False
Is 11957 prime?
False
Is 6187 a prime number?
False
Is 142251 a composite number?
True
Is 51 composite?
True
Is 9859 prime?
True
Is 144649 a prime number?
False
Is 582701 a prime number?
False
Is 1943 composite?
True
Is 28921 a composite number?
False
Is 11303 a composite number?
True
Is 1553 prime?
True
Is 90289 composite?
False
Is 83303 a prime number?
False
Is 394 prime?
False
Is 347135 prime?
False
Is 286571 composite?
True
Is 789 prime?
False
Is 9377 composite?
False
Is 595229 a prime number?
True
Is 646669 composite?
False
Is 11699 composite?
False
Is 1249937 composite?
True
Is 116239 a composite number?
False
Is 3389 prime?
True
Is 98989 a prime number?
False
Is 116897 prime?
False
Is 59523 a prime number?
False
Is 36103 a prime number?
False
Is 1282 prime?
False
Is 89 a prime number?
True
Is 541 prime?
True
Is 66369 a prime number?
False
Is 84047 a prime number?
True
Is 32479 prime?
True
Is 70673 composite?
True
Is 8257 prime?
